-154)/84. What is the highest common divisor of 264 and r?
33
Let c be 1370/6 + -2 - ((-112)/(-12) + -8). Let u(i) = i**3 + 4*i**2 - i + 1. Let y be u(-4). Calculate the highest common divisor of y and c.
5
Let g(v) = -v**3 - 15*v**2 + 10*v + 238. Let a be g(-16). Calculate the highest common divisor of a and 6847.
167
Suppose 45*w + 2*b = 50*w - 1854, w = -3*b + 381. What is the highest common factor of 132 and w?
12
Let h be (-16)/3 - 56/(-42). Let k be (4 - (-1 - -4))*-1*h. Calculate the greatest common divisor of 52 and k.
4
Let h(w) = 34*w + 996. Let j be h(-26). What is the greatest common factor of 4816 and j?
112
Suppose 0 = 320*w - 327*w + 72044. Calculate the greatest common divisor of w and 124.
124
Let x = -5961 + 6121. Calculate the highest common factor of 560 and x.
80
Let n be ((-6)/(-7))/(9/70*(-2230)/(-5352)). What is the greatest common divisor of n and 904?
8
Suppose 13*g + 16050 = -42*g + 16325. Suppose -3*f + 0*m + 482 = -2*m, 3*m - 157 = -f. Calculate the greatest common factor of g and f.
5
Let t = 715 - 713. Suppose 4*x - t*h = -x + 3222, 5*x + 5*h - 3215 = 0. Calculate the greatest common divisor of x and 28.
28
Suppose 5*q - q = 3*h - 33, 15 = -5*q. Suppose 0 = -12*k + h*k. Suppose 0 = -k*s - 3*s + 39. What is the greatest common factor of s and 13?
13
Suppose -14*v + 5*z = -9*v - 115, 2*v - 3*z = 48. Let l be ((-20)/6)/(12/18). Let q be (l/10)/(2/(-168)). Calculate the highest common divisor of q and v.
21
Suppose -2*d + d + 732 = 0. Suppose h - 1924 = -d. Let o be h/32 - (-2)/(-8). Calculate the highest common factor of 111 and o.
37
Suppose -21*t - 14399 + 38087 = 0. What is the highest common divisor of t and 24?
24
Let h(a) = -6*a**2 + 6. Let m be h(-4). Let b = 99 - -3. Let x = m + b. What is the highest common divisor of 18 and x?
6
Suppose -62*f = 11*f - 7525 - 19047. What is the greatest common divisor of 832 and f?
52
Let q be (25 - -97)*(0 - -1). Suppose -2*j - 4*c = -9*c - 68, 4*j - 3*c = q. Calculate the highest common factor of 3 and j.
1
Suppose -2*r + 41 = -r - 5*w, -5*r + 113 = -2*w. Let c be (32 - r) + (-3)/(1 + 0). Calculate the greatest common factor of c and 184.
8
Let x(m) = -m**2 + 6*m - 4. Let r be x(2). Suppose 50 = 2*o - 3*t, 0*t = -r*o - 3*t + 100. What is the greatest common divisor of 80 and o?
5
Suppose 3*l + 5*f = 1045, -2*l - 351 + 1046 = 5*f. Calculate the greatest common factor of l and 18550.
350
Suppose 2*l = 4*f - 34, -3*f = 5*l - 20 - 12. Suppose -f*z + 5*z + 1199 = -5*n, -n - 1219 = -4*z. Calculate the greatest common factor of 18 and z.
18
Suppose 3 = -5*m - 7. Suppose 0 = 26*f + 13*f + 24*f - 1512. Let w = m + f. What is the greatest common divisor of 2 and w?
2
Let k(o) = 39*o - 147. Let b be k(4). Let a(c) = c**3 + 8*c**2 - 2*c - 57. Let s be a(b). What is the highest common factor of 42 and s?
42
Suppose -12*y - 2878 = -2974. Calculate the greatest common divisor of y and 808.
8
Suppose 155 = 4*y - 5*p, 14*y - 18*y + 4*p + 160 = 0. Calculate the greatest common divisor of y and 1230.
15
Let t(l) = l**2 + 24*l + 101. Let p be t(-5). Suppose -j = -p*j + 25. Calculate the highest common factor of j and 10.
5
Let q be 51/21 + 7/((-147)/9). Suppose 3*p + q*p - 4*r = 1156, -20 = 5*r. What is the greatest common divisor of 12 and p?
12
Let w be 6*264/864*6. Suppose 4*f = -0*f + 132. What is the greatest common divisor of w and f?
11
Let v = 3 + 2. Let q be 3/((2025/132)/v + -3). What is the highest common divisor of q and 4?
4
Suppose 5 = -z, -s - 4*z - 239 = -4*s. Let u(a) = 144*a**2 - 5*a + 18. Let h be u(2). What is the greatest common divisor of h and s?
73
Let h(z) = -145*z - 7773. Let f be h(-54). Calculate the highest common divisor of f and 3287.
19
Let j = 0 - 6. Let b be 6 + 2 + (-4 - j). Suppose 368 = 4*k + 4*f, f - 228 - 224 = -5*k. What is the highest common divisor of b and k?
10
Let i(p) = -3*p - 3 + 4 + 3 - 3*p**2 + 2*p**3. Let q be i(3). Let r be (-4 - 980/120)*-6 - 18. Calculate the highest common factor of r and q.
11
Suppose 3*t = 45 - 75. Let i(w) = 3*w + 33. Let g be i(t). Suppose -g - 77 = -10*o. What is the greatest common factor of o and 104?
8
Suppose 1237 + 561 = 29*m. What is the greatest common factor of m and 10044?
62
Let x be (-98)/(-14 + 23 + -10). Calculate the greatest common divisor of x and 2016.
14
Suppose 212 + 60 = 17*l. Suppose s - l = -5*k, -2*k = s - 4*k - 16. Calculate the greatest common factor of 208 and s.
16
Let n(x) be the third derivative of 11*x**5/60 - x**4/12 - x**3 - 8*x**2. Let s be n(3). Let y = s + -62. Calculate the highest common factor of y and 175.
25
Suppose -5*k - 5*m = -8360, m = 2*k - 43 - 3307. Let i be (-9)/15 - k/(-15). Calculate the highest common divisor of i and 3.
3
Let g = -2 + 5. Suppose -3*j - 5 = 4*o, -10 = -g*o + 5*o + 4*j. Let i be (-54)/(-45) - o/5. What is the greatest common factor of 1 and i?
1
Suppose -37*z - 5*z + 2268 = 0. Calculate the greatest common divisor of z and 1800.
18
Suppose n - 15*n = -8*n - 4818. What is the greatest common divisor of n and 584?
73
Let h(k) = 2*k**2 - 6*k + 8. Let t be h(-8). Let l(f) = 7*f**3 - f**2 - 2*f + 14. Let i be l(3). Let c = i - 165. What is the highest common divisor of t and c?
23
Let a(s) = -s**2 - 33*s - 232. Let f be a(-15). Calculate the greatest common factor of f and 7923.
19
Let v = 28407 + -28221. Calculate the greatest common factor of 18166 and v.
62
Let k be -18 + -4*(-2)/(-1 + 3). Let g = -9 - k. Suppose 2*f - 60 = 2*q, 20 = f - g*q - 10. Calculate the greatest common divisor of 5 and f.
5
Suppose 0 = -19*h + 21*h - 16. Let r(y) = y**2 - 8*y + 4. Let f be r(h). Suppose 5*g - 10 = -u, 0*g + f*g = 0. What is the highest common factor of u and 130?
10
Let n = -35 + 38. Suppose 0*a + 84 = 5*a + i, -n*a - 4*i + 64 = 0. Suppose 2*g + a = 3*o - 52, o = -g + 21. What is the greatest common factor of o and 66?
22
Let u be (8/12*39)/2. Suppose 208 = 4*j - 3*q, -3*j + 52 = -2*j + 2*q. Let y be (j/(-6))/((-4)/66). What is the greatest common divisor of y and u?
13
Let r be (-2)/(-8) + (-8789)/(-44). Let p = r - 180. Calculate the highest common factor of p and 140.
20
Suppose -x + 95 = -553. Let s be 128/(-12)*(1 - (-70)/(-40)). Calculate the highest common divisor of x and s.
8
Let q be 13 + (-14)/14 - -65. Calculate the greatest common divisor of q and 231.
77
Let u(c) = 108*c**2 + 1. Let h be u(-1). Calculate the highest common factor of 9047 and h.
109
Let w be 8/10 - (-4617)/135. Suppose 4*s + 2*d + 20 = 0, 0 = -2*s - 3*s + d - 32. Let a = s + 13. Calculate the greatest common divisor of w and a.
7
Suppose 17371 = 4*o + 3695. Calculate the greatest common factor of 13 and o.
13
Let o(l) = -2*l**3 + 36*l**2 - 26*l - 55. Let m be o(17). What is the highest common factor of 1404 and m?
27
Suppose 4*f = 3*o + 2411, 0 = -19*f + 17*f + 2*o + 1206. Calculate the greatest common divisor of f and 129.
43
Let i be 7/(7/2) - -3. Suppose -c + i*c + 2*p - 732 = 0, 0 = -5*p. What is the highest common divisor of c and 61?
61
Suppose 30*f - 24*f = 30. Let k be f - (-88 - 2*(3 + -2)). Calculate the greatest common divisor of 133 and k.
19
Let c be ((-156)/286 + 1998/33)*(-6)/(-5). Suppose -4*y + 44 = 2*l, -3*y = -3*l + 15 - 57. What is the greatest common factor of c and y?
12
Suppose 0 = -3*r - 0*r + 60. Suppose 4*l - 6 = -2*k + 14, k = -4*l + r. Suppose -5*i = l*p - 65, 3*i - 1 = -4. What is the greatest common divisor of p and 4?
2
Let g be 66 + (-3 - -5 - 0)/2. Suppose 0 = g*u - 71*u - 16. Let j be (-2*(-5)/3)/(u/(-264)). What is the highest common factor of 88 and j?
44
Let n(s) = 3*s + 67. Suppose -2*i = -v + 33, -2*i - 14 + 1 = -5*v. Let g be n(i). Calculate the greatest common divisor of g and 70.
10
Let l(x) = x**3 - 4*x**2 - 2*x + 3. Let f be l(5). Let p = -28 + f. Let b be 318/10 + (-2)/p. What is the greatest common factor of b and 4?
4
Let u = -12176 - -38960. Calculate the greatest common divisor of u and 72.
72
Let u = 4017 - 2542. Calculate the highest common divisor of u and 25.
25
Let j be (-114)/(-30) - 4 - (-2988)/90. What is the greatest common factor of j and 12683?
11
Let b(x) = 97*x - 366. Let l be b(41). What is the highest common factor of 23 and l?
23
Let s = 10699 - -3479. Calculate the greatest common divisor of s and 17.
17
Suppose 